{"id":91750,"date":"2019-12-19T13:15:13","date_gmt":"2019-12-19T16:15:13","guid":{"rendered":"https:\/\/wp-dev.ufpel.edu.br\/gutenberg\/?page_id=91750"},"modified":"2020-02-19T10:31:50","modified_gmt":"2020-02-19T13:31:50","slug":"plugin-getwid-gutenberg-blocks","status":"publish","type":"page","link":"https:\/\/wp-dev.ufpel.edu.br\/gutenberg\/plugin-getwid-gutenberg-blocks\/","title":{"rendered":"Plugin Getwid Gutenberg Blocks"},"content":{"rendered":"\n<div class=\"wp-block-group has-background\" style=\"background-color:#ffe7e7\"><div class=\"wp-block-group__inner-container is-layout-flow wp-block-group-is-layout-flow\">\n<p style=\"color:#a80000\" class=\"has-text-color\">PROBLEMAS (19\/FEV\/2020):<\/p>\n\n\n\n<p>CSS do slick-slider usa seletores muito gen\u00e9ricos e gera conflitos com outros plugins de blocos (CoBlocks, Ultimate Addons)<\/p>\n<\/div><\/div>\n\n\n\n<h2 class=\"wp-block-heading\">Post Slider<\/h2>\n\n\n\n<div class=\"wp-block-group\"><div class=\"wp-block-group__inner-container is-layout-flow wp-block-group-is-layout-flow\">\n<div class=\"wp-block-group is-layout-flow wp-block-group-is-layout-flow\"><div class=\"wp-block-group__inner-container\"><\/div><\/div>\n<\/div><\/div>\n\n\n\n<p>Permite filtrar por m\u00faltiplas categorias, tags ou tipos de posts. Bastante op\u00e7\u00f5es de configura\u00e7\u00e3o. O layout do conte\u00fado \u00e9 formatado atrav\u00e9s de templates.<\/p>\n\n\n\n\n\n<h2 class=\"wp-block-heading\">Post Carousel<\/h2>\n\n\n","protected":false},"excerpt":{"rendered":"<p>PROBLEMAS (19\/FEV\/2020): CSS do slick-slider usa seletores muito gen\u00e9ricos e gera conflitos com outros plugins de blocos (CoBlocks, Ultimate Addons) Post Slider Permite filtrar por m\u00faltiplas categorias, tags ou tipos de posts. Bastante op\u00e7\u00f5es de configura\u00e7\u00e3o. O layout do conte\u00fado \u00e9 formatado atrav\u00e9s de templates. Post Carousel<\/p>\n","protected":false},"author":1,"featured_media":0,"parent":0,"menu_order":0,"comment_status":"closed","ping_status":"closed","template":"","meta":{"jetpack_post_was_ever_published":false,"footnotes":""},"class_list":["post-91750","page","type-page","status-publish","hentry","entry"],"jetpack_sharing_enabled":true,"_links":{"self":[{"href":"https:\/\/wp-dev.ufpel.edu.br\/gutenberg\/wp-json\/wp\/v2\/pages\/91750","targetHints":{"allow":["GET"]}}],"collection":[{"href":"https:\/\/wp-dev.ufpel.edu.br\/gutenberg\/wp-json\/wp\/v2\/pages"}],"about":[{"href":"https:\/\/wp-dev.ufpel.edu.br\/gutenberg\/wp-json\/wp\/v2\/types\/page"}],"author":[{"embeddable":true,"href":"https:\/\/wp-dev.ufpel.edu.br\/gutenberg\/wp-json\/wp\/v2\/users\/1"}],"replies":[{"embeddable":true,"href":"https:\/\/wp-dev.ufpel.edu.br\/gutenberg\/wp-json\/wp\/v2\/comments?post=91750"}],"version-history":[{"count":14,"href":"https:\/\/wp-dev.ufpel.edu.br\/gutenberg\/wp-json\/wp\/v2\/pages\/91750\/revisions"}],"predecessor-version":[{"id":91810,"href":"https:\/\/wp-dev.ufpel.edu.br\/gutenberg\/wp-json\/wp\/v2\/pages\/91750\/revisions\/91810"}],"wp:attachment":[{"href":"https:\/\/wp-dev.ufpel.edu.br\/gutenberg\/wp-json\/wp\/v2\/media?parent=91750"}],"curies":[{"name":"wp","href":"https:\/\/api.w.org\/{rel}","templated":true}]}}